2, 3, 13
Let z be (4/(-10 + 6))/((-3)/84). Let n(t) = -t**2 + 1. Let d be n(3). What are the prime factors of (-90)/d + 21/z?
2, 3
Let g = -19 + 30. Let d be (g + -4)/(1/4). Suppose -6 - d = -2*o. What are the prime factors of o?
17
Let t = 0 - 1. Let m = -54 - -21. What are the prime factors of -3*(t + m/9)?
2, 7
Suppose 4*s - 4267 = 125. What are the prime factors of s?
2, 3, 61
Suppose -42*v + 19872 = -34*v. What are the prime factors of v?
2, 3, 23
Let c(o) = -o**3 + 8*o**2 - 15*o + 6. Let n be c(8). Let h = n - -260. Let i = h - 90. What are the prime factors of i?
2, 7
Suppose -4*l - 206 = -4*z + 98, -5*l + 295 = 4*z. Suppose 4*r + 162 = 4*b - 162, z = -r + 3*b. Let f = -54 - r. What are the prime factors of f?
2, 3, 5
Let i be (-4)/20 - 21/(-5). Let k be ((-2)/i)/(9/(-18)). Let z(n) = 25*n**3 + n**2 + n - 1. What are the prime factors of z(k)?
2, 13
Let o(x) be the first derivative of 2*x**3 - 3*x**2 - x - 2. What are the prime factors of o(-3)?
71
Let r(y) = -y**3 + 10*y**2 - 18*y + 20. Let p be r(8). What are the prime factors of 9/(-6) + 290/p?
71
Suppose -2*a + 1876 = -96. What are the prime factors of a?
2, 17, 29
Suppose 4*j = 2*b - 0*b - 310, 2*b = -2. Let n = -39 - j. List the prime factors of n.
3, 13
Let i = 31 + -34. What are the prime factors of (2 - 114/i) + -2?
2, 19
Let d = 1629 - 1163. List the prime factors of d.
2, 233
Let o = 32 - 35. List the prime factors of (-505 + -3)*(o - -1)/4.
2, 127
Let l(i) = -4*i**3 - i**2 - i. Let f(b) = -b - 4. Let a be f(-3). Let m be l(a). Suppose -m*g + 0*g = -296. What are the prime factors of g?
2, 37
Suppose 8*d - 1577 = 1007. What are the prime factors of d?
17, 19
Suppose 3*k = 5*s - 1 + 21, -s - 4*k - 4 = 0. List the prime factors of 7/(98/s) - (-2580)/14.
2, 23
What are the prime factors of 5 - (-30 + -5 + -6)?
2, 23
Let s(r) be the third derivative of r**4/2 - 17*r**3/3 - 16*r**2. What are the prime factors of s(12)?
2, 5, 11
Let o(p) = 2*p**2 + 3*p + 10. Let d be o(5). Let y = -39 + d. Suppose 2*s - 30 = y. List the prime factors of s.
3, 11
Let s(o) = o - 26. Let b be s(-14). Let i = b - -66. What are the prime factors of i?
2, 13
Suppose 0 = -28*b + 49*b - 7917. List the prime factors of b.
13, 29
Let u be (-2 - 16/4)*-1. Suppose -u*i + 61 + 437 = 0. What are the prime factors of i?
83
Let b = -1129 + 1697. What are the prime factors of b?
2, 71
Suppose -4*a = 8 - 32. Suppose -6*v + a = -4*v. Suppose -2*k = 3*s - 6*s - 19, -k + v*s = -14. List the prime factors of k.
5
Let w = 77 + -41. Suppose -39 = -3*p + w. What are the prime factors of p?
5
Suppose -4*b = 4*i - 2436 - 3528, 0 = 3*i + 2*b - 4471. What are the prime factors of i?
1489
Let v = 604 - 452. List the prime factors of v.
2, 19
Suppose -3*s - 890 = -q + 633, -2*q = 5*s - 3068. List the prime factors of q.
11, 139
Let g = -3 - 3. Let o = -4 - g. What are the prime factors of 11*(-2)/(-2)*o?
2, 11
Suppose -8*i - 14 = -38. Suppose -r - 27 = 4*x - 190, 3*x = i*r - 459. List the prime factors of r.
5, 31
Let g(y) = -5*y - 3. Let h be g(-2). Suppose 28 = h*s - 3*s. Suppose -f = -2*f + 3*q + s, f - 4*q = 5. What are the prime factors of f?
13
Let s(l) = -l**3 + 6*l**2 + 3*l + 5. Suppose 4*z - 30 = 2*k, -4*z = -4*k + 8*k. Let f be s(z). Let a = f - 30. List the prime factors of a.
3, 5
Let i be 16/12*(-12)/(-8). Suppose i*c = -4*b + 132, c = -3*b + 71 - 1. What are the prime factors of c?
2, 29
Suppose -a = -0 - 5. Suppose -a = -4*j + 11. Suppose -5*f - 80 = -3*z - 9, j*z - f = 123. What are the prime factors of z?
2
Suppose a - 371 = -4*j, 5 = -2*a - 5. Let g = j - 44. List the prime factors of g.
2, 5
Let q(z) = -z + 26. Let s be q(11). Let g = -38 + s. Let b = 26 - g. What are the prime factors of b?
7
Suppose 3*q + 27 = 3*f, -4*f - 4*q + 50 = -q. Suppose n - 46 = -n + 2*r, -5*n + 3*r + 109 = 0. Let c = n - f. What are the prime factors of c?
3
Let w(z) = z**2 + 6*z + 3. Let r be w(-6). Suppose -r*j + 246 = 3*p, 7*p - 342 = 3*p + 3*j. What are the prime factors of p?
2, 3, 7
Let o = -96 - -53. Let k = o - -185. List the prime factors of k.
2, 71
Suppose 29*n - 27*n - 2760 = 0. List the prime factors of 2/5 + n/50.
2, 7
Let y(s) = -s**2 - 5*s + 1804. What are the prime factors of y(0)?
2, 11, 41
Let q = -3986 - -9343. What are the prime factors of q?
11, 487
Let k = 40 - 37. What are the prime factors of k/(-5 - 261/(-52))?
2, 3, 13
Suppose 252 = 13*z - 7*z. What are the prime factors of 0 + -1 + -1 + 0 + z?
2, 5
Let n(w) = 2*w + 1. Let p be n(2). Suppose k + 6 = p*x, 0 = -0*x + 2*x + 5*k - 24. What are the prime factors of x?
2
Let p(q) = 9*q**3 - 2*q**2 - 7*q - 291. Let a(r) = 4*r**3 - r**2 - 3*r - 145. Let u(o) = -7*a(o) + 3*p(o). List the prime factors of u(0).
2, 71
Let y(l) be the third derivative of 7*l**4/24 + l**3/3 + 12*l**2. List the prime factors of y(4).
2, 3, 5
Let v be ((-24)/(-9))/((-2)/(-3)). Let m be v + (3 - 2)*-1. Suppose m*i - q = 96, i - 128 = -3*i + 5*q. List the prime factors of i.
2
Let k(o) = -36*o. Let a be k(-1). Let i be a/(-3)*(-10)/15. What are the prime factors of (44/(-3))/(i/(-12))?
2, 11
Suppose 0 = r + 9 - 31. Let v = r + 10. What are the prime factors of v?
2
Let n = -1158 - -1817. What are the prime factors of n?
659
Let w be -3 + 2 - (-2 - 1). Suppose t = 5, -w*i + i + 3*t = 10. List the prime factors of 57 - i/((-10)/(-4)).
5, 11
Let c(y) be the first derivative of -4*y**2 - 6*y - 4. List the prime factors of c(-2).
2, 5
Let l(c) = -9 + 22 + c + 0*c. What are the prime factors of l(12)?
5
Suppose 0 = 3*i - 211 - 3179. What are the prime factors of i?
2, 5, 113
Let t(g) = g**3 + 8*g**2 - 10*g + 5. Let j be t(-9). Let m = 8 - j. List the prime factors of (-2)/m + (-70)/(-15).
5
Suppose 21*s - 31049 = 18154. List the prime factors of s.
3, 11, 71
Suppose 3444 = 202*x - 196*x. What are the prime factors of x?
2, 7, 41
Let a(j) = 2*j**3 - 6*j**2 - 15*j + 7. Let k be a(8). Suppose 0 = 3*p - 3, 5*p + k = 2*d + 2*d. What are the prime factors of d?
7, 19
Let p(z) = -74*z + 8. Let l be p(-1). Let k = l - -10. List the prime factors of k.
2, 23
Let s(c) = 3 - c**2 - 1 - 2*c**2 + 4*c**2 + 5*c. Let h be s(-5). Let a = 0 + h. List the prime factors of a.
2
Let l be 1 + (-4 + 1)/3. Suppose l = -3*u + h + 70, 0 = h + 2 - 4. Suppose -3*y + 3*o = -u, 0 = -o - 1. List the prime factors of y.
7
Suppose 0 = 2*i - 5*k - 2288, 5*i + 2*k = -3*k + 5755. List the prime factors of i.
3, 383
Let g(c) be the second derivative of -c**4/12 + 13*c**3/6 - 8*c**2 - 5*c. Let u be g(12). What are the prime factors of ((-1)/2)/(u/88)?
11
Let c(l) = 16*l**2 - 5*l - 6. What are the prime factors of c(-4)?
2, 3, 5
Let a(y) = 2*y**3 - y**2 + 7*y - 16. What are the prime factors of a(3)?
2, 5
Let m(l) = -7*l + 4. Let a(r) = 3. Let n(t) = -3*a(t) + 3*m(t). Let s be n(-5). Suppose -97 = -5*c + s. List the prime factors of c.
41
Suppose 4*w + 5*u - 6327 = 0, -7*w + u + 4769 = -4*w. What are the prime factors of w?
2, 397
Let i be 111/24 - 12/(-32). Suppose -3*f = -i*q + 37, 0*f + 1 = f. Suppose b + 0*g - 2*g - 76 = 0, -q = 4*g. List the prime factors of b.
2, 3
Let i(h) = 8*h - 22 - 5*h + 2*h. What are the prime factors of i(18)?
2, 17
Suppose -565 + 586 = 3*u. List the prime factors of u.
7
Let l(b) = 11*b**2 + 23*b - 20. What are the prime factors of l(6)?
2, 257
Suppose 0 = -7*a - 28. List the prime factors of (180/(-8))/(3/a).
2, 3, 5
Suppose 16996 = 32*j + 4100. What are the prime factors of j?
13, 31
Suppose -5*x = -7*x + 10. Suppose x*k - 264 = -39. What are the prime factors of k?
3, 5
Let q(v) = -34 - 2*v + v**3 + 2*v**2 + 0*v - 3*v**2. Let s(b) = -5*b**3 + 6*b**2 + 11*b + 169. Let p(x) = -11*q(x) - 2*s(x). List the prime factors of p(0).
2, 3
Let h(l) = 4*l**2 - 15*l - 10. Let n be h(20). Suppose n = 2*y + 8*y. List the prime factors of y.
3, 43
Let d = -44 - -47. Suppose -373 = -3*b + 2*y, -d*b + 0*b = -y - 371. List the prime factors of b.
3, 41
Suppose 5*b = -4*z - 146 - 255, 5*z = 4*b + 329. Let g = b - -127. List the prime factors of g.
2, 23
Suppose -y - 5*x - 2 - 2 = 0, -y = 2*x + 7. What are the prime factors of (-2 - 231/y) + 8/(-12)?
23
Suppose 5*a - 1764 = -i, -4*i - 9*a + 6999 = -8*a. What are the prime factors of i?
3, 11, 53
Suppose 25 = -3*k + 4. Let h = k + 43. What are the prime factors of h?